is the remainder when 23 is divided by 8?
7
Calculate the remainder when 314 is divided by 40.
34
What is the remainder when 7985 is divided by 121?
120
What is the remainder when 499 is divided by 37?
18
What is the remainder when 15805 is divided by 76?
73
What is the remainder when 299 is divided by 18?
11
Calculate the remainder when 1910 is divided by 137.
129
Calculate the remainder when 297 is divided by 13.
11
Calculate the remainder when 113 is divided by 51.
11
What is the remainder when 1409 is divided by 15?
14
Calculate the remainder when 166 is divided by 28.
26
What is the remainder when 419 is divided by 14?
13
What is the remainder when 42776 is divided by 93?
89
Calculate the remainder when 3989 is divided by 307.
305
What is the remainder when 417 is divided by 13?
1
Calculate the remainder when 917 is divided by 92.
89
Calculate the remainder when 723 is divided by 32.
19
What is the remainder when 49567 is divided by 18?
13
What is the remainder when 252 is divided by 244?
8
Calculate the remainder when 749 is divided by 312.
125
Calculate the remainder when 235 is divided by 33.
4
Calculate the remainder when 162 is divided by 42.
36
Calculate the remainder when 331 is divided by 13.
6
What is the remainder when 98 is divided by 43?
12
Calculate the remainder when 953 is divided by 6.
5
Calculate the remainder when 877 is divided by 11.
8
Calculate the remainder when 285 is divided by 36.
33
Calculate the remainder when 147 is divided by 46.
9
What is the remainder when 222 is divided by 63?
33
Calculate the remainder when 239 is divided by 26.
5
What is the remainder when 1663 is divided by 45?
43
What is the remainder when 129 is divided by 29?
13
What is the remainder when 4926 is divided by 3?
0
Calculate the remainder when 1009 is divided by 44.
41
What is the remainder when 5366 is divided by 8?
6
What is the remainder when 9656 is divided by 140?
136
What is the remainder when 484 is divided by 116?
20
Calculate the remainder when 136 is divided by 30.
16
What is the remainder when 479 is divided by 81?
74
Calculate the remainder when 399 is divided by 80.
79
Calculate the remainder when 1535 is divided by 383.
3
What is the remainder when 1684 is divided by 242?
232
What is the remainder when 345 is divided by 25?
20
What is the remainder when 417 is divided by 43?
30
What is the remainder when 2972 is divided by 93?
89
Calculate the remainder when 8690 is divided by 18.
14
What is the remainder when 286 is divided by 17?
14
What is the remainder when 97 is divided by 48?
1
Calculate the remainder when 498 is divided by 52.
30
Calculate the remainder when 238 is divided by 50.
38
Calculate the remainder when 1647 is divided by 30.
27
What is the remainder when 351 is divided by 86?
7
What is the remainder when 4609 is divided by 29?
27
What is the remainder when 133 is divided by 9?
7
What is the remainder when 3274 is divided by 25?
24
Calculate the remainder when 101 is divided by 15.
11
What is the remainder when 3982 is divided by 16?
14
What is the remainder when 458 is divided by 449?
9
Calculate the remainder when 4347 is divided by 10.
7
What is the remainder when 256 is divided by 2?
0
What is the remainder when 540 is divided by 50?
40
Calculate the remainder when 347 is divided by 123.
101
What is the remainder when 1404 is divided by 46?
24
What is the remainder when 46 is divided by 20?
6
What is the remainder when 471 is divided by 60?
51
What is the remainder when 883 is divided by 17?
16
Calculate the remainder when 288 is divided by 46.
12
Calculate the remainder when 8448 is divided by 26.
24
What is the remainder when 353 is divided by 184?
169
What is the remainder when 3095 is divided by 91?
1
What is the remainder when 1923 is divided by 199?
132
Calculate the remainder when 2382 is divided by 265.
262
Calculate the remainder when 87 is divided by 7.
3
Calculate the remainder when 38 is divided by 26.
12
What is the remainder when 153 is divided by 31?
29
What is the remainder when 724 is divided by 29?
28
Calculate the remainder when 216 is divided by 90.
36
What is the remainder when 84 is divided by 5?
4
What is the remainder when 191 is divided by 132?
59
What is the remainder when 3872 is divided by 227?
13
Calculate the remainder when 249 is divided by 90.
69
What is the remainder when 3308 is divided by 39?
32
What is the remainder when 2851 is divided by 62?
61
What is the remainder when 1336 is divided by 103?
100
What is the remainder when 13335 is divided by 171?
168
What is the remainder when 557 is divided by 10?
7
Calculate the remainder when 727 is divided by 9.
7
Calculate the remainder when 1463 is divided by 5.
3
Calculate the remainder when 83 is divided by 28.
27
Calculate the remainder when 551 is divided by 52.
31
Calculate the remainder when 340 is divided by 15.
10
What is the remainder when 939 is divided by 250?
189
What is the remainder when 933 is divided by 6?
3
What is the remainder when 715 is divided by 104?
91
Calculate the remainder when 278 is divided by 17.
6
What is the remainder when 1084 is divided by 270?
4
Calculate the remainder when 617 is divided by 9.
5
Calculate the remainder when 22 is divided by 7.
1
Calculate the remainder when 95 is divided by 6.
5
Calculate the remainder when 733 is divided by 21.
19
What is the remainder when 6207 is divided by 16?
15
Calculate the remainder when 2326 is divided by 27.
4
What is the remainder when 52 is divided by 21?
10
What is the remainder when 99 is divided by 32?
3
What is the remainder when 3867 is divided by 3?
0
Calculate the remainder when 689 is divided by 173.
170
Calculate the remainder when 301 is divided by 37.
5
Calculate the remainder when 1031 is divided by 47.
44
Calculate the remainder when 1779 is divided by 862.
55
Calculate the remainder when 154 is divided by 44.
22
What is the remainder when 147 is divided by 80?
67
Calculate the remainder when 357 is divided by 20.
17
What is the remainder when 1114 is divided by 368?
10
What is the remainder when 163 is divided by 10?
3
Calculate the remainder when 1379 is divided by 69.
68
What is the remainder when 513 is divided by 71?
16
What is the remainder when 140 is divided by 72?
68
Calculate the remainder when 163 is divided by 61.
41
What is the remainder when 3509 is divided by 95?
89
What is the remainder when 775 is divided by 130?
125
What is the remainder when 68 is divided by 19?
11
Calculate the remainder when 2766 is divided by 66.
60
What is the remainder when 3683 is divided by 1840?
3
What is the remainder when 174 is divided by 8?
6
What is the remainder when 1493 is divided by 68?
65
What is the remainder when 333 is divided by 107?
12
Calculate the remainder when 94 is divided by 94.
0
What is the remainder when 1193 is divided by 3?
2
What is the remainder when 2659 is divided by 166?
3
Calculate the remainder when 26 is divided by 9.
8
Calculate the remainder when 563 is divided by 67.
27
What is the remainder when 366 is divided by 121?
3
What is the remainder when 30951 is divided by 66?
63
What is the remainder when 784 is divided by 181?
60
What is the remainder when 93 is divided by 87?
6
Calculate the remainder when 636 is divided by 58.
56
What is the remainder when 65 is divided by 34?
31
Calculate the remainder when 2831 is divided by 24.
23
Calculate the remainder when 2078 is divided by 63.
62
What is the remainder when 367 is divided by 31?
26
Calculate the remainder when 222 is divided by 15.
12
What is the remainder when 36 is divided by 8?
4
What is the remainder when 1966 is divided by 1959?
7
Calculate the remainder when 111 is divided by 13.
7
Calculate the remainder when 19049 is divided by 9.
5
What is the remainder when 1080 is divided by 222?
192
Calculate the remainder when 10998 is divided by 28.
22
Calculate the remainder when 408 is divided by 76.
28
What is the remainder when 454 is divided by 13?
12
Calculate the remainder when 34 is divided by 7.
6
Calculate the remainder when 299 is divided by 25.
24
Calculate the remainder when 29 is divided by 27.
2
Calculate the remainder when 1004 is divided by 53.
50
Calculate the remainder when 2041 is divided by 19.
8
Calculate the remainder when 